{"id":1328,"date":"2020-08-14T14:13:41","date_gmt":"2020-08-14T12:13:41","guid":{"rendered":"http:\/\/varstor.com\/web\/?page_id=1328"},"modified":"2020-08-14T14:14:03","modified_gmt":"2020-08-14T12:14:03","slug":"o-nas","status":"publish","type":"page","link":"http:\/\/varstor.com\/web\/?page_id=1328","title":{"rendered":"O nas"},"content":{"rendered":"<p><strong><img loading=\"lazy\" class=\" wp-image-1303 alignleft\" src=\"http:\/\/varstor.com\/web\/wp-content\/uploads\/2020\/08\/shutterstock_539932924-Large.jpg\" alt=\"\" width=\"307\" height=\"205\" srcset=\"http:\/\/varstor.com\/web\/wp-content\/uploads\/2020\/08\/shutterstock_539932924-Large.jpg 1617w, http:\/\/varstor.com\/web\/wp-content\/uploads\/2020\/08\/shutterstock_539932924-Large-300x200.jpg 300w, http:\/\/varstor.com\/web\/wp-content\/uploads\/2020\/08\/shutterstock_539932924-Large-1024x684.jpg 1024w, http:\/\/varstor.com\/web\/wp-content\/uploads\/2020\/08\/shutterstock_539932924-Large-768x513.jpg 768w, http:\/\/varstor.com\/web\/wp-content\/uploads\/2020\/08\/shutterstock_539932924-Large-1536x1026.jpg 1536w, http:\/\/varstor.com\/web\/wp-content\/uploads\/2020\/08\/shutterstock_539932924-Large-370x247.jpg 370w, http:\/\/varstor.com\/web\/wp-content\/uploads\/2020\/08\/shutterstock_539932924-Large-760x508.jpg 760w, http:\/\/varstor.com\/web\/wp-content\/uploads\/2020\/08\/shutterstock_539932924-Large-740x494.jpg 740w\" sizes=\"(max-width: 307px) 100vw, 307px\" \/>Podjetje VARSTOR<\/strong> je mlado in uspe\u0161no podjetje za proizvodnjo kovinskih izdelkov in storitev. Svojim naro\u010dnikom ponujamo kompletno storitev od na\u010drtovanja, izdelave, monta\u017ee in sanacije \u017eelenega produkta. Uspe\u0161no poslovanje s fizi\u010dnimi osebami in nalo\u017ebe v znanje ter nove tehnologije nam omogo\u010dajo, da se danes lahko spoprijemamo z naro\u010dili ve\u010djih podjetij, za katera prete\u017eno izvajamo serijsko proizvodnjo raznih zvarjencev.<\/p>\n<p>Smo konstantno rasto\u010de podjetje, ki od \u010dasa svoje ustanovitve dalje uspe\u0161no uresni\u010duje svojo poslovno vizijo, ki je proizvodnja in izdelava \u0161irokega spektra kovinskih izdelkov in konstrukcij. S kombinacijo lastnega znanja in izku\u0161enj na najvi\u0161jem nivoju dnevno zadovoljimo tudi najzahtevnej\u0161e stranke. Poleg doma\u010dega, delujemo tudi za tuj trg, najve\u010d na podro\u010dju Evropske unije.<\/p>\n<p>S serijsko proizvodnjo pa se v zadnjih letih \u0161irimo tudi globalno.<\/p>\n","protected":false},"excerpt":{"rendered":"<p>Podjetje VARSTOR je mlado in uspe\u0161no podjetje za proizvodnjo kovinskih izdelkov in storitev. Svojim naro\u010dnikom ponujamo kompletno storitev od na\u010drtovanja, izdelave, monta\u017ee in sanacije \u017eelenega produkta. Uspe\u0161no poslovanje s fizi\u010dnimi osebami in nalo\u017ebe v znanje ter nove tehnologije nam omogo\u010dajo,&hellip;<\/p>\n","protected":false},"author":2,"featured_media":0,"parent":0,"menu_order":0,"comment_status":"closed","ping_status":"closed","template":"","meta":[],"_links":{"self":[{"href":"http:\/\/varstor.com\/web\/index.php?rest_route=\/wp\/v2\/pages\/1328"}],"collection":[{"href":"http:\/\/varstor.com\/web\/index.php?rest_route=\/wp\/v2\/pages"}],"about":[{"href":"http:\/\/varstor.com\/web\/index.php?rest_route=\/wp\/v2\/types\/page"}],"author":[{"embeddable":true,"href":"http:\/\/varstor.com\/web\/index.php?rest_route=\/wp\/v2\/users\/2"}],"replies":[{"embeddable":true,"href":"http:\/\/varstor.com\/web\/index.php?rest_route=%2Fwp%2Fv2%2Fcomments&post=1328"}],"version-history":[{"count":2,"href":"http:\/\/varstor.com\/web\/index.php?rest_route=\/wp\/v2\/pages\/1328\/revisions"}],"predecessor-version":[{"id":1330,"href":"http:\/\/varstor.com\/web\/index.php?rest_route=\/wp\/v2\/pages\/1328\/revisions\/1330"}],"wp:attachment":[{"href":"http:\/\/varstor.com\/web\/index.php?rest_route=%2Fwp%2Fv2%2Fmedia&parent=1328"}],"curies":[{"name":"wp","href":"https:\/\/api.w.org\/{rel}","templated":true}]}}